 Let m = o + 66. Calculate t(m).
6
Let q = -18 - -12. Let p(h) = -42*h - 1. Let b(o) = -40*o - 1. Let r(f) = q*b(f) + 5*p(f). Determine r(-1).
-29
Let u(n) be the third derivative of -n**4/12 + n**3/3 - 2*n**2. Let x(b) = -7*b. Let z(j) = -2*u(j) + x(j). Calculate z(2).
-10
Let y(a) = -2*a**3 - 108*a**2 - 128*a - 1166. Let g be y(-53). Let v(q) = -q**3 - q**2 - q + 93. Give v(g).
93
Let t(a) = -10 - 5*a**3 + 14 + 4*a**3 - 4*a**2 - a. Let o(l) = 2*l**3 + 8*l**2 + l - 9. Let q(i) = 3*o(i) + 7*t(i). Calculate q(-3).
4
Suppose -1 = 2*n - 5. Suppose -3*i + 2 = -7. Let l(c) = 4*c + 0 - 5*c**2 - i - c**2 + 1. Calculate l(n).
-18
Let m(i) = -5*i**3 - 6*i**3 + 10*i**3 + 3*i + 6*i**3 + 3*i**2. Let r(f) = f**3 + f. Let a(j) = -m(j) + 6*r(j). Give a(2).
2
Suppose -6*i - 13*i = -19. Let m(q) = 7*q + 2*q + q + i - 5*q - 7*q. Give m(6).
-11
Suppose 95*k = 166*k - 923. Let t(l) = 8*l + 18. Determine t(k).
122
Let h(b) = -b - 1. Let j be h(2). Let x be (-1)/(j/(-2) + -2). Let v(t) = -11 + 22604*t + 8 - 22599*t. Determine v(x).
7
Let v(g) = g**3 + 11*g**2 + 13*g - 21. Suppose 23 = -3*d - 4*p, 32 = -3*d + 18*p - 13*p. Calculate v(d).
24
Suppose 2*j + 1 = l, 0 = -2*j + 139*l - 142*l + 27. Let h(b) = b**3 + 2*b**2 - 5*b + 2. What is h(j)?
32
Suppose 5*p + 1 = 31. Let w be 15/10*p/3. Let z(d) = -5*d + d**w + 4*d**2 - 2*d + 5 - 12. Determine z(-5).
3
Let u(p) = -223*p - 43. Let v(n) = -147*n - 42. Let m(o) = 2*u(o) - 3*v(o). What is m(11)?
-15
Let j = 46 + -44. Let n(m) = -16*m + m**3 + 14*m + 5*m**j - 6 - m**2. Calculate n(-4).
2
Let c(q) = -5 + 0 - q + 7. Let b(d) = 16*d + 1136*d**2 - 37 - 5*d - d**3 - 1149*d**2. Let v be b(-14). Give c(v).
-3
Let m = 41350 + -41358. Let k(x) = -8*x**2 - 60*x + 39. Give k(m).
7
Let h(n) = 4*n + 16. Suppose 748 = 7*j + 832. Determine h(j).
-32
Let t(g) = -41 - 42 + 2*g**2 - 4*g**3 + 158 - 33 - 40. Give t(-2).
42
Suppose 0 = 39*w - 36*w - 3*f - 36, 3*w = -5*f + 20. Let l(p) = -2*p + 18. Calculate l(w).
-2
Let b(p) = 71*p + 19. Let w(c) = -36*c - 10. Let v(j) = -3*b(j) - 5*w(j). Let h(n) = 13*n + 4. Let y(o) = 5*h(o) + 2*v(o). Determine y(-3).
9
Suppose -2*g = g + 27. Let j(c) = -286*c**2 + 30*c + 2. Let i(x) = -245*x**2 + 27*x + 1. Let t(p) = 7*i(p) - 6*j(p). Determine t(g).
-5
Let x(z) = -2*z**2 - 4. Let p(k) = -k**2 + 6*k + 2. Let v be p(6). Let a = 1647 + -1643. Suppose 3*u - a*w + w - 6 = 0, u = -v*w - 13. What is x(u)?
-22
Let a(j) = 7 + 4*j**2 - j**3 - 27*j**2 + 72*j**2 + 35 + 0*j - j. Calculate a(49).
-7
Let j = 1664 - 1662. Let a(o) be the first derivative of -4*o**j - 1/3*o**3 - 8*o - 25. Calculate a(-6).
4
Let d(p) = -p**3 + p**2 + 26*p - 93. Let i be d(-6). Let a(g) = -32*g + 15. Calculate a(i).
-81
Let a(q) = -q**2 - 8*q - 23. Let i be ((-168)/(-35) + -4)/(18/(-135)). What is a(i)?
-11
Suppose 112 = i + 65. Suppose 5*a + 2*d - 7*d - 265 = 0, -a + i = 2*d. Suppose -2*s = -3*j + 13, -a = -j - 4*j - 4*s. Let t(p) = 2*p - 10. Calculate t(j).
4
Let c(i) = 9*i - 1. Let f(v) be the first derivative of v**3 + v**2/2 + 3. Let n be f(1). Let q be (n - (-9)/(-4)) + 6/(-8). Give c(q).
8
Let f(c) = -3*c - 5. Let x(p) = -3*p**2 - 14*p - 7. Let r be x(-3). Suppose -800 = -0*j + r*j. Let i = j + 93. Determine f(i).
16
Let o(m) = 2*m**2 + 6*m + 2. Let b be o(-3). Let c(s) = -6 + 308*s**2 - b*s - 307*s**2 + 2 - 1. Give c(4).
3
Let v(q) = 26. Let x(t) = -2*t - 26. Let m(a) = 3*v(a) + 2*x(a). Let r be m(5). Let h(b) = -32 - 6*b - 6*b**2 + 19 - b**3 + r. Calculate h(-5).
-2
Let u(i) be the second derivative of i**5/60 - 3*i**4/8 + i**3/3 - 259*i**2/2 + 243*i. Let z(a) be the first derivative of u(a). Give z(9).
2
Let m(u) be the first derivative of -u**2 + 4*u - 48. Let o be ((-63)/(-6))/((-30)/20). What is m(o)?
18
Let u(t) = -1603*t**2 + 4 + 2*t - 3 + 1610*t**2. Give u(-2).
25
Let n(x) be the first derivative of -5*x**2/2 - 4*x - 1474. Calculate n(3).
-19
Let o(i) = 21*i**3 + 39*i**2 - 2*i - 18. Let p(g) = 13*g**3 + 25*g**2 - g - 12. Let r(w) = 5*o(w) - 8*p(w). Calculate r(5).
-4
Let o(d) be the second derivative of -d**4/12 + 17*d**3/3 - 105*d**2/2 + d + 1132. Give o(30).
15
Let r(g) = g + 9. Let x be 4/10*15*15/(-9). Let u be (x - -1*(6 - 1)) + 5. Determine r(u).
9
Let z(m) = -26*m**2 - 223*m**3 + 446*m**3 - 26 + 3*m**2 + 61*m - 222*m**3. Give z(20).
-6
Let w(s) = 1496692*s - 21 - 1496696*s - 50. Give w(-19).
5
Let g(l) = -l**2 + 3813 - 20*l - 3929 - 2*l. Calculate g(-8).
-4
Let g(k) be the first derivative of -k**4/6 + 2*k**3/3 - k**2 + 82*k - 93. Let c(t) be the first derivative of g(t). What is c(3)?
-8
Suppose 382*t = 374*t + 16. Let p be -3*t*14/21. Let v(y) = y**2 + 3*y + 4. Determine v(p).
8
Let d(t) = t**3 + 7*t**2 - 18*t - 14. Let w be d(-9). Let x = 100 + w. Let g = x + -90. Let s(l) = -4*l - 2. What is s(g)?
14
Let f(v) be the second derivative of v**3/2 + 45*v**2 - 1192*v. Determine f(-27).
9
Let x = 3 - 13. Let y(f) = 5 + 2 + 5 + f**2 - 56*f + 65*f. Let b(s) = 2*s**2 + 17*s + 26. Let t(k) = -2*b(k) + 5*y(k). What is t(x)?
-2
Let i = -327 - -355. Suppose 35 = -35*o + i*o. Let p(u) be the first derivative of -u**4/4 - 4*u**3/3 + u**2 - 2. What is p(o)?
15
Let h(n) = -n**2 + 5*n - 3. Let o(p) = -2*p + 2. Let l be o(-1). Let w be l/18 - 884/(-153). Give h(w).
-9
Let i(y) = 3*y - 44. Let d(g) = g**2 + 56*g + 218. Let z be d(-4). What is i(z)?
-14
Let u = 17085 + -17083. Let v(b) be the second derivative of 0 + 1/12*b**4 + 7/6*b**3 + u*b**2 - 15*b. Calculate v(-7).
4
Let d = -118 + 116. Let x be 1 - (d - (-2)/2). Let u(i) = -10*i**2 + 10*i**x + 0*i**2 - 3*i + 2 + i**2. What is u(3)?
2
Let i = -6589 + 6605. Let b(n) = -2*n + 22. What is b(i)?
-10
Let o(g) be the second derivative of -2*g**4/3 - g**3/2 + g**2/2 + 1376*g. Calculate o(2).
-37
Let d(v) = -259 + 169 + 85 + 126 - 13*v. Give d(8).
17
Let k(d) = -d**3 - 95*d**2 - 112*d - 1678. Let l be k(-94). Let i(o) = o - 16. Calculate i(l).
-2
Let d(w) = -7*w**2 - 8*w - 3*w**2 + 2*w**2 - 3 + 7*w**2. Determine d(-9).
-12
Let h(y) = -18*y**2 + 93*y - 3. Let q be h(5). Let v(n) = -2*n + 24. Calculate v(q).
0
Suppose 364*n = 356*n - 16. Let k be (-6*n/5)/((-9)/30). Let m(s) = -3*s - 18. What is m(k)?
6
Let p(q) = 27 - 4*q + q - 24 - 6*q + 4*q. Determine p(6).
-27
Let y be (25/(-10) + 0)*(1 + -3). Let p(i) = 13*i - 10. Determine p(y).
55
Let i = -6 + 8. Suppose 0*y + 5 = -i*y - d, 2*y = -2*d. Let p(v) be the second derivative of -v**5/20 - v**4/2 - 5*v**3/6 + 28*v. Give p(y).
0
Let a(r) = r**2 - 2*r - 8. Let t = -2842 + 2846. Calculate a(t).
0
Let t(i) be the third derivative of -i**4/8 - 13*i**3/3 - 309*i**2 - 3. Determine t(-12).
10
Let s = -24/739 - -2265/1478. Let h(g) be the second derivative of 0 + 29*g + s*g**2 + 5/6*g**3. What is h(-3)?
-12
Let n(h) be the first derivative of -5*h**2/2 - 7*h - 7. Suppose 14*d + 39 = -5*p + 17*d, -4*p - 36 = -3*d. Give n(p).
8
Let v(b) = 2*b**3 + 12*b**2 - 17*b + 2. Let s be v(1). Suppose 3 + 9 = 3*o. Let q(w) = 1 - 6*w - o*w + 0. Give q(s).
11
Let n(s) = 20 - 68*s + 67*s - 7. Let c = 22 - 17. Suppose c*o - 2 = -3*b + 14, 2*o - 33 = -5*b. What is n(b)?
6
Suppose 2 = w + 1. Suppose z - w + 9 = 0. Let s(k) be the third derivative of -k**6/120 - 7*k**5/60 + 3*k**4/8 + 5*k**3/3 + 22*k**2 - 1. Calculate s(z).
2
Let c(b) = 256 + 20*b + 797 + 14*b - 119*b + 51*b. Determine c(31).
-1
Let r(z) = -z**3 + 7*z**2 - 5*z - 2. Let n(u) = 2*u + 14. Suppose 5*w - 11 = -4*g, 3 = 3*w - 5*g + 26. Let m be w + -3 - (-1 + 1). Let v be n(m). What is r(v)?
4
Suppose -4*m - 2*x + 5*x - 150 = 0, 64 = -2*m - 4*x. Let o = -32 - m. Let i(p) = 2*p**2 + 2*p + 51 - o*p**2 - 55 - 4*p. Determine i(-3).
-16
Let n(u) = 24*u + 12. Let j(k) be the second derivative of 17*k**3/6 + 4*k**2 + 172*k. Let x(t) = 7*j(t) - 5*n(t). Calculate x(-6).
2
Let d(r) = 1 + r + r - 3*r. Let n be ((-336)/(-32))/(1/(-64)). Let h = -671 - n. What is d(h)?
0
Let o(v) = -3*v + 3. Suppose 2*n + 4 = 2*y - 26, 5*y - 45 = -n. Suppose 36*s = 35*s + y. Determine o(s).
-27
Suppose -5*b + z - 1 = 1, -9 = 3*z. Let k be (2 - -4)*((-8)/3 - -3). Let g(f) = f - k*f - 14*f**3 + 33 - 34. Calculate g(b).
14
Let d(k) = 4*k**2 - 10*k - 1. Let u(i) = -11*i**2 + 28*i + 5. Let w(o) = -8*d(o) - 3*u(o). Suppose -2*r + c + 10 = 0, 5*r + 9*c - 32 = 8*c. Calculate w(r).
5
Let b(d) = 8*d + 4. Suppose -x - 1131 = -0*w - 2*w, -2*w - 